{"id":598,"date":"2023-08-24T14:15:34","date_gmt":"2023-08-24T13:15:34","guid":{"rendered":"https:\/\/christoph-horner.de\/?page_id=598"},"modified":"2024-05-11T12:43:24","modified_gmt":"2024-05-11T11:43:24","slug":"veroeffentlichungen","status":"publish","type":"page","link":"https:\/\/christoph-horner.de\/?page_id=598","title":{"rendered":"Ver\u00f6ffentlichungen"},"content":{"rendered":"\n<p>In dieser Rubrik pr\u00e4sentiere ich meine Beitr\u00e4ge zu verschiedenen Themen der Medienp\u00e4dagogik, die in <a href=\"https:\/\/christoph-horner.de\/?p=417\" data-type=\"post\" data-id=\"417\">Fachzeitschriften<\/a> und <a href=\"https:\/\/christoph-horner.de\/?p=603\" data-type=\"page\" data-id=\"598\">Online-Portalen <\/a>ver\u00f6ffentlicht wurden. Die Artikel bieten vertiefte Analysen und Perspektiven auf aktuelle medienp\u00e4dagogische Fragestellungen.<\/p>\n","protected":false},"excerpt":{"rendered":"<p>In dieser Rubrik pr\u00e4sentiere ich meine Beitr\u00e4ge zu verschiedenen Themen der Medienp\u00e4dagogik, die in Fachzeitschriften und Online-Portalen ver\u00f6ffentlicht wurden. Die Artikel bieten vertiefte Analysen und Perspektiven auf aktuelle medienp\u00e4dagogische Fragestellungen.<\/p>\n","protected":false},"author":1,"featured_media":0,"parent":0,"menu_order":0,"comment_status":"closed","ping_status":"closed","template":"","meta":{"footnotes":""},"class_list":["post-598","page","type-page","status-publish","hentry"],"_links":{"self":[{"href":"https:\/\/christoph-horner.de\/index.php?rest_route=\/wp\/v2\/pages\/598","targetHints":{"allow":["GET"]}}],"collection":[{"href":"https:\/\/christoph-horner.de\/index.php?rest_route=\/wp\/v2\/pages"}],"about":[{"href":"https:\/\/christoph-horner.de\/index.php?rest_route=\/wp\/v2\/types\/page"}],"author":[{"embeddable":true,"href":"https:\/\/christoph-horner.de\/index.php?rest_route=\/wp\/v2\/users\/1"}],"replies":[{"embeddable":true,"href":"https:\/\/christoph-horner.de\/index.php?rest_route=%2Fwp%2Fv2%2Fcomments&post=598"}],"version-history":[{"count":3,"href":"https:\/\/christoph-horner.de\/index.php?rest_route=\/wp\/v2\/pages\/598\/revisions"}],"predecessor-version":[{"id":718,"href":"https:\/\/christoph-horner.de\/index.php?rest_route=\/wp\/v2\/pages\/598\/revisions\/718"}],"wp:attachment":[{"href":"https:\/\/christoph-horner.de\/index.php?rest_route=%2Fwp%2Fv2%2Fmedia&parent=598"}],"curies":[{"name":"wp","href":"https:\/\/api.w.org\/{rel}","templated":true}]}}