{"id":616,"date":"2023-08-24T14:25:04","date_gmt":"2023-08-24T13:25:04","guid":{"rendered":"https:\/\/christoph-horner.de\/?page_id=616"},"modified":"2024-05-11T15:48:26","modified_gmt":"2024-05-11T14:48:26","slug":"medienpaedagogik-blog","status":"publish","type":"page","link":"https:\/\/christoph-horner.de\/?page_id=616","title":{"rendered":"Medienp\u00e4dagogik-Blog"},"content":{"rendered":"\n<p>Der Medienp\u00e4dagogik-Blog bietet regelm\u00e4\u00dfig Einblicke \u00fcber <a href=\"https:\/\/christoph-horner.de\/?p=618\">Zahlen, Daten und Fakten<\/a> aus der Welt der Medienbildung. Er ist ein Treffpunkt f\u00fcr den <a href=\"https:\/\/christoph-horner.de\/?p=620\">Austausch mit Experten (Tipps und pers\u00f6nliche Erfahrungen)<\/a>. Au\u00dferdem werden neue <a href=\"https:\/\/christoph-horner.de\/?p=396\">Projekte und Initiativen<\/a> sowie <a href=\"https:\/\/christoph-horner.de\/?p=625\">Aktionen in der digitalen Bildung<\/a> vorgestellt.<\/p>\n","protected":false},"excerpt":{"rendered":"<p>Der Medienp\u00e4dagogik-Blog bietet regelm\u00e4\u00dfig Einblicke \u00fcber Zahlen, Daten und Fakten aus der Welt der Medienbildung. Er ist ein Treffpunkt f\u00fcr den Austausch mit Experten (Tipps und pers\u00f6nliche Erfahrungen). Au\u00dferdem werden neue Projekte und Initiativen sowie Aktionen in der digitalen Bildung vorgestellt.<\/p>\n","protected":false},"author":1,"featured_media":0,"parent":0,"menu_order":0,"comment_status":"closed","ping_status":"closed","template":"","meta":{"footnotes":""},"class_list":["post-616","page","type-page","status-publish","hentry"],"_links":{"self":[{"href":"https:\/\/christoph-horner.de\/index.php?rest_route=\/wp\/v2\/pages\/616","targetHints":{"allow":["GET"]}}],"collection":[{"href":"https:\/\/christoph-horner.de\/index.php?rest_route=\/wp\/v2\/pages"}],"about":[{"href":"https:\/\/christoph-horner.de\/index.php?rest_route=\/wp\/v2\/types\/page"}],"author":[{"embeddable":true,"href":"https:\/\/christoph-horner.de\/index.php?rest_route=\/wp\/v2\/users\/1"}],"replies":[{"embeddable":true,"href":"https:\/\/christoph-horner.de\/index.php?rest_route=%2Fwp%2Fv2%2Fcomments&post=616"}],"version-history":[{"count":4,"href":"https:\/\/christoph-horner.de\/index.php?rest_route=\/wp\/v2\/pages\/616\/revisions"}],"predecessor-version":[{"id":767,"href":"https:\/\/christoph-horner.de\/index.php?rest_route=\/wp\/v2\/pages\/616\/revisions\/767"}],"wp:attachment":[{"href":"https:\/\/christoph-horner.de\/index.php?rest_route=%2Fwp%2Fv2%2Fmedia&parent=616"}],"curies":[{"name":"wp","href":"https:\/\/api.w.org\/{rel}","templated":true}]}}